{"id":196,"date":"2025-06-19T17:08:54","date_gmt":"2025-06-19T15:08:54","guid":{"rendered":"https:\/\/coinitiumlab.com\/?page_id=196"},"modified":"2025-06-19T17:08:55","modified_gmt":"2025-06-19T15:08:55","slug":"a-propos","status":"publish","type":"page","link":"https:\/\/coinitiumlab.com\/index.php\/fr\/a-propos\/","title":{"rendered":"A propos"},"content":{"rendered":"\n<h2 class=\"wp-block-heading has-large-font-size\" style=\"font-style:normal;font-weight:100\"><strong>CoInitiumLab, qu&#8217;est-ce que c&#8217;est ?<\/strong><\/h2>\n\n\n\n<p><strong>CoInitium Lab<\/strong> est une structure agile, humaine, qui permet de pouvoir travailler n&#8217;importe o\u00f9 et diff\u00e9remment, \u00e0 la crois\u00e9e des projets europ\u00e9ens, de l\u2019innovation sociale et des dynamiques de territoire afin de :<\/p>\n\n\n\n<ul class=\"wp-block-list\">\n<li>soutenir des d\u00e9marches collectives ambitieuses, sans perdre en proximit\u00e9 ;<\/li>\n\n\n\n<li>explorer de nouvelles fa\u00e7ons de travailler (par la facilitation, l\u2019exp\u00e9rimentation, la mise en r\u00e9seau) ;<\/li>\n\n\n\n<li>proposer un accompagnement personnalis\u00e9 et sur un m\u00eame pied d&#8217;\u00e9galit\u00e9.<\/li>\n<\/ul>\n\n\n\n<div class=\"wp-block-columns alignwide is-layout-flex wp-container-core-columns-is-layout-28f84493 wp-block-columns-is-layout-flex\">\n<div class=\"wp-block-column is-layout-flow wp-block-column-is-layout-flow\">\n<figure class=\"wp-block-image size-full\"><img loading=\"lazy\" decoding=\"async\" width=\"713\" height=\"594\" src=\"https:\/\/coinitiumlab.com\/wp-content\/uploads\/2025\/06\/Design-sans-titre.png\" alt=\"\" class=\"wp-image-203\" srcset=\"https:\/\/coinitiumlab.com\/wp-content\/uploads\/2025\/06\/Design-sans-titre.png 713w, https:\/\/coinitiumlab.com\/wp-content\/uploads\/2025\/06\/Design-sans-titre-300x250.png 300w\" sizes=\"auto, (max-width: 713px) 100vw, 713px\" \/><\/figure>\n\n\n\n<p class=\"has-text-align-center has-black-color has-text-color has-large-font-size\"><strong>Co<\/strong><\/p>\n\n\n\n<p class=\"has-text-align-center has-text-color\" style=\"color:#7a7a7a\">Le &#8220;Co&#8221; c&#8217;est le d\u00e9but de <em>coop\u00e9ration, collectif, communs, co-cr\u00e9ation<\/em>. C&#8217;est alors l\u2019id\u00e9e que rien de durable ou de juste ne se construit seul. Que la valeur na\u00eet dans la relation.<br>C\u2019est aussi le <strong>&#8220;co&#8221; des alliances choisies<\/strong>, des communaut\u00e9s en mouvement, des processus horizontaux.<\/p>\n<\/div>\n\n\n\n<div class=\"wp-block-column is-layout-flow wp-block-column-is-layout-flow\">\n<figure class=\"wp-block-image size-full\"><img loading=\"lazy\" decoding=\"async\" width=\"713\" height=\"594\" src=\"https:\/\/coinitiumlab.com\/wp-content\/uploads\/2025\/06\/2.png\" alt=\"\" class=\"wp-image-201\" srcset=\"https:\/\/coinitiumlab.com\/wp-content\/uploads\/2025\/06\/2.png 713w, https:\/\/coinitiumlab.com\/wp-content\/uploads\/2025\/06\/2-300x250.png 300w\" sizes=\"auto, (max-width: 713px) 100vw, 713px\" \/><\/figure>\n\n\n\n<p class=\"has-text-align-center has-black-color has-text-color has-large-font-size\"><strong>Initium<\/strong><\/p>\n\n\n\n<p class=\"has-text-align-center has-text-color\" style=\"color:#7a7a7a\">L&#8217;initium c&#8217;est <em>le commencement, point de d\u00e9part.<br><\/em>C\u2019est l\u2019envie de <strong>travailler depuis l\u2019origine des choses<\/strong>, depuis ce qui \u00e9merge.<br>C&#8217;est <strong>ce moment o\u00f9 un projet prend forme, un r\u00e9cit s\u2019\u00e9crit, un besoin s\u2019exprime<\/strong>, ce moment o\u00f9 le &#8220;Co&#8221; devient le n\u00f4tre.<\/p>\n<\/div>\n\n\n\n<div class=\"wp-block-column is-layout-flow wp-block-column-is-layout-flow\">\n<figure class=\"wp-block-image size-full\"><img loading=\"lazy\" decoding=\"async\" width=\"713\" height=\"594\" src=\"https:\/\/coinitiumlab.com\/wp-content\/uploads\/2025\/06\/3.png\" alt=\"\" class=\"wp-image-202\" srcset=\"https:\/\/coinitiumlab.com\/wp-content\/uploads\/2025\/06\/3.png 713w, https:\/\/coinitiumlab.com\/wp-content\/uploads\/2025\/06\/3-300x250.png 300w\" sizes=\"auto, (max-width: 713px) 100vw, 713px\" \/><\/figure>\n\n\n\n<p class=\"has-text-align-center has-black-color has-text-color has-large-font-size\"><strong>Lab<\/strong><\/p>\n\n\n\n<p class=\"has-text-align-center has-text-color\" style=\"color:#7a7a7a\">Le Lab c&#8217;est le lieu o\u00f9 l\u2019on <em>teste, formule, observe, documente<\/em>. Un laboratoire \u00e0 taille <strong>humaine, agile, ancr\u00e9 dans le r\u00e9el<\/strong> mais qui laisse aussi place au doute, \u00e0 l\u2019intuition et \u00e0 l\u2019apprentissage en chemin. C&#8217;est l\u00e0 o\u00f9 le &#8220;Co&#8221; et &#8220;L&#8217;initium&#8221; prennent forme.<\/p>\n<\/div>\n<\/div>\n\n\n\n<div style=\"height:40px\" aria-hidden=\"true\" class=\"wp-block-spacer\"><\/div>\n\n\n\n<h2 class=\"wp-block-heading has-large-font-size\" id=\"inspiro-is-a-digital-product-agency-that-focuses-on-strategy-and-design\" style=\"font-style:normal;font-weight:100\"><strong>Derri\u00e8re CoInitium Lab, il y a moi, Bertille.<\/strong><\/h2>\n\n\n\n<p>Je suis n\u00e9e et j\u2019ai grandi en <strong>Normandie<\/strong>, o\u00f9 je vis toujours mais mon parcours m\u2019a d\u00e9j\u00e0 emmen\u00e9e <strong>aux quatre coins de l\u2019Europe<\/strong>, en train, en projet, ou en conversation. Et comme ma <strong>valise est toujours pr\u00eate<\/strong>, je suis partante pour partir (presque) n\u2019importe o\u00f9, pourvu qu\u2019on y construise quelque chose d\u2019int\u00e9ressant.<\/p>\n\n\n\n<p>Je fais des ponts entre des gens qui ne parlent pas toujours la m\u00eame langue (au sens propre comme au figur\u00e9), je lis des rapports europ\u00e9ens pour le plaisir (oui, vraiment), et j\u2019ai un faible assum\u00e9 pour les <strong>tableaux Excel bien rang\u00e9s<\/strong> et les <strong>PowerPoints qui ne font pas mal aux yeux<\/strong>.<\/p>\n\n\n\n<p>Je fais aussi de l\u2019<strong>improvisation th\u00e9\u00e2trale<\/strong>, ce qui m\u2019aide beaucoup dans les r\u00e9unions impromptues, les impr\u00e9vus de derni\u00e8re minute, et les projets o\u00f9 il faut improviser sans le dire. <\/p>\n\n\n\n<p>Et surtout : <strong>je suis convaincue que les relations humaines font la r\u00e9ussite des projets<\/strong>. Un bon fichier partag\u00e9, c\u2019est utile. Un vrai lien de confiance, c\u2019est indispensable.<\/p>\n\n\n\n<div style=\"height:267px\" aria-hidden=\"true\" class=\"wp-block-spacer\"><\/div>\n","protected":false},"excerpt":{"rendered":"<p>CoInitiumLab, qu&#8217;est-ce que c&#8217;est ? CoInitium Lab est une structure agile, humaine, qui permet de pouvoir travailler n&#8217;importe o\u00f9 et diff\u00e9remment, \u00e0 la crois\u00e9e des projets europ\u00e9ens, de l\u2019innovation sociale et des dynamiques de territoire afin de : Co Le &#8220;Co&#8221; c&#8217;est le d\u00e9but de coop\u00e9ration, collectif, communs, co-cr\u00e9ation. C&#8217;est alors l\u2019id\u00e9e que rien de &hellip; <\/p>\n<p class=\"link-more\"><a href=\"https:\/\/coinitiumlab.com\/index.php\/fr\/a-propos\/\" class=\"more-link\">Read more<span class=\"screen-reader-text\"> &#8220;A propos&#8221;<\/span><\/a><\/p>\n","protected":false},"author":1,"featured_media":111,"parent":0,"menu_order":0,"comment_status":"closed","ping_status":"closed","template":"","meta":{"footnotes":""},"class_list":["post-196","page","type-page","status-publish","has-post-thumbnail","hentry"],"_links":{"self":[{"href":"https:\/\/coinitiumlab.com\/index.php\/wp-json\/wp\/v2\/pages\/196","targetHints":{"allow":["GET"]}}],"collection":[{"href":"https:\/\/coinitiumlab.com\/index.php\/wp-json\/wp\/v2\/pages"}],"about":[{"href":"https:\/\/coinitiumlab.com\/index.php\/wp-json\/wp\/v2\/types\/page"}],"author":[{"embeddable":true,"href":"https:\/\/coinitiumlab.com\/index.php\/wp-json\/wp\/v2\/users\/1"}],"replies":[{"embeddable":true,"href":"https:\/\/coinitiumlab.com\/index.php\/wp-json\/wp\/v2\/comments?post=196"}],"version-history":[{"count":7,"href":"https:\/\/coinitiumlab.com\/index.php\/wp-json\/wp\/v2\/pages\/196\/revisions"}],"predecessor-version":[{"id":208,"href":"https:\/\/coinitiumlab.com\/index.php\/wp-json\/wp\/v2\/pages\/196\/revisions\/208"}],"wp:featuredmedia":[{"embeddable":true,"href":"https:\/\/coinitiumlab.com\/index.php\/wp-json\/wp\/v2\/media\/111"}],"wp:attachment":[{"href":"https:\/\/coinitiumlab.com\/index.php\/wp-json\/wp\/v2\/media?parent=196"}],"curies":[{"name":"wp","href":"https:\/\/api.w.org\/{rel}","templated":true}]}}